composite?
True
Is 107807502783 prime?
False
Is 142613729 a composite number?
False
Is 2343005063 prime?
False
Is 205492963 composite?
True
Is 4251776519 composite?
True
Is 245271449 composite?
False
Is 1895096543 a prime number?
False
Is 10027815869 prime?
False
Is 4930410391 prime?
True
Is 1145026979 composite?
False
Is 29847530793 a prime number?
False
Is 5411288531 a composite number?
True
Is 159097153 composite?
False
Is 14116953601 a composite number?
False
Is 7475959937 a prime number?
True
Is 215792659 a prime number?
False
Is 1451871199 a composite number?
False
Is 1372712773 prime?
False
Is 258575884901 a composite number?
False
Is 63669172573 prime?
False
Is 26110015697 a prime number?
True
Is 3311695469 prime?
True
Is 76273406782 a composite number?
True
Is 9079567877 a composite number?
False
Is 162614321 prime?
False
Is 36189200609 prime?
False
Is 304021457 a prime number?
True
Is 12194173 a composite number?
True
Is 37572771029 a prime number?
True
Is 1974753421 a prime number?
True
Is 2968742261 prime?
True
Is 19982251 prime?
True
Is 15748227883 prime?
False
Is 200355193 composite?
True
Is 12258087731 a composite number?
False
Is 167737211 a prime number?
True
Is 688363279 a composite number?
True
Is 10341132721 composite?
True
Is 10278431123 a prime number?
False
Is 1552296091 composite?
False
Is 17580325193 prime?
True
Is 5488248043 a composite number?
True
Is 12490192391 a prime number?
True
Is 1097627387 a composite number?
True
Is 1506474273 a prime number?
False
Is 1460416847 composite?
False
Is 24268288729 a composite number?
True
Is 480414673 prime?
False
Is 40342950007 a prime number?
True
Is 100088928217 prime?
False
Is 59342201 a composite number?
False
Is 2728334633 prime?
True
Is 30378850649 a composite number?
True
Is 2912232511 a composite number?
True
Is 2772040811 prime?
False
Is 4634308339 a prime number?
True
Is 30478004593 a prime number?
True
Is 13584525457 a composite number?
False
Is 873022343 composite?
False
Is 4968867737 prime?
False
Is 1662027061 a prime number?
True
Is 58026442093 composite?
False
Is 8732573 prime?
True
Is 88461502643 composite?
False
Is 5853182777 composite?
True
Is 309627290429 a prime number?
True
Is 10774021 composite?
True
Is 32154433763 prime?
True
Is 19138290373 composite?
True
Is 250484987 composite?
True
Is 47354282743 prime?
False
Is 632391989 composite?
False
Is 10492700629 prime?
False
Is 161867792623 composite?
False
Is 1867098263 composite?
False
Is 4916781439 composite?
False
Is 13828683709 a prime number?
True
Is 1634229379 composite?
False
Is 1870498459 a composite number?
False
Is 97820108263 a composite number?
False
Is 6374574593 composite?
True
Is 11544774347 a prime number?
True
Is 97954379 composite?
True
Is 51982380349 prime?
False
Is 76156931249 composite?
True
Is 65537222935 composite?
True
Is 2618910449 prime?
True
Is 3530517997 prime?
False
Is 582441263 prime?
True
Is 18837902114 a composite number?
True
Is 1405946433 a prime number?
False
Is 90540983 prime?
False
Is 6713592433 composite?
False
Is 1546670381 a prime number?
False
Is 4311552629 a composite number?
True
Is 336330998 a composite number?
True
Is 1909448179 a prime number?
False
Is 34907594069 prime?
True
Is 137744641 composite?
True
Is 22046625323 prime?
False
Is 2565487963 a composite number?
False
Is 139473023 a prime number?
False
Is 7684619333 a composite number?
True
Is 202367650607 a composite number?
False
Is 244058189 composite?
True
Is 3653986663 composite?
True
Is 103660555219 prime?
False
Is 6712344671 prime?
False
Is 597301379 prime?
False
Is 891455361 composite?
True
Is 10609514 composite?
True
Is 11718473413 a composite number?
False
Is 5230790579 a prime number?
False
Is 3502908679 a prime number?
True
Is 233508959 a composite number?
True
Is 37625825843 prime?
False
Is 76178107451 composite?
False
Is 894014237 a composite number?
True
Is 30950701951 composite?
True
Is 319597301 prime?
False
Is 3055859087 composite?
False
Is 2384566471 a composite number?
True
Is 2139360071 a composite number?
True
Is 3027408259 composite?
False
Is 24995781047 composite?
True
Is 2697053959 a composite number?
False
Is 22326262241 composite?
True
Is 25817317417 a prime number?
True
Is 56316473 a composite number?
False
Is 194907844849 a prime number?
True
Is 16839106681 composite?
False
Is 8836191251 prime?
True
Is 7923708433 prime?
True
Is 9885563 a composite number?
False
Is 12855120581 a composite number?
False
Is 1371773849 composite?
False
Is 1319063191 prime?
False
Is 3968360147 a prime number?
True
Is 402516449 composite?
False
Is 510555427 prime?
True
Is 41398040291 prime?
True
Is 67515337573 a composite number?
False
Is 12622524449 composite?
False
Is 14433261 composite?
True
Is 3042429794 prime?
False
Is 4606114339 a prime number?
True
Is 4829428343 a prime number?
True
Is 563160803 composite?
True
Is 87815525983 a prime number?
False
Is 3549465319 a composite number?
False
Is 9372758347 prime?
False
Is 272521133 a composite number?
False
Is 106386069 prime?
False
Is 883866019 prime?
True
Is 1362623323 a prime number?
False
Is 2753785315 a composite number?
True
Is 15369435591 prime?
False
Is 274140121 composite?
True
Is 883132529 a prime number?
False
Is 12831291509 a composite number?
False
Is 3563765393 prime?
True
Is 5925667 a prime number?
False
Is 1073333699 a composite number?
False
Is 39654824107 a composite number?
True
Is 17617028093 composite?
True
Is 325792807 composite?
True
Is 342796210437 a prime number?
False
Is 1066014739 a composite number?
True
Is 312608521 a prime number?
True
Is 17996470379 prime?
True
Is 55048382063 a composite number?
False
Is 2038906559 prime?
True
Is 86414811713 composite?
True
Is 10911038849 composite?
True
Is 2345142827 prime?
True
Is 135889769 prime?
True
Is 21802384589 composite?
True
Is 13936471491 a composite number?
True
Is 2354118629 a composite number?
True
Is 14719803773 composite?
True
Is 12224141782 a composite number?
True
Is 819739859 composite?
False
Is 1453253281 composite?
False
Is 1246005037 prime?
False
Is 64754285114 a composite number?
True
Is 125780663 a composite number?
True
Is 507283889 composite?
True
Is 2170570117 a prime number?
True
Is 11019763 a prime number?
True
Is 18716241781 composite?
True
Is 6017566123 a composite number?
True
Is 1095097873 prime?
False
Is 2064199519 a prime number?
False
Is 2538710633 a composite number?
False
Is 145757333603 prime?
False
Is 386408159 composite?
False
Is 28133381 a prime number?
True
Is 381187621 a prime number?
False
Is 230433943283 prime?
True
Is 90961672647 a prime number?
False
Is 2231931959 composite?
True
Is 1953898087 a composite number?
False
Is 267719908615 prime?
False
Is 9055181119 a composite number?
True
Is 8362155371 composite?
False
Is 1119666403 a composite number?
False
Is 981656183 prime?
True
Is 102311170697 a prime number?
True
Is 32406608081 a composite number?
False
Is 257983841 a composite number?
False
Is 36786247 a composite number?
True
Is 133609297621 a composite number?
False
Is 12030896287 a composite number?
False
Is 432974209 composite?
False
Is 533431603 prime?
True
Is 7658463619 a composite number?
True
Is 49779625309 prime?
False
Is 189484507 composite?
False
Is 5643077057 a prime number?
True
Is 82844609 a prime number?
True
Is 37933116407 a composite number?
False
Is 2975160809 a composite number?
True
Is 100265309 composite?
False
Is 19168276165 a composite number?
True
Is 2713699277 a prime number?
False
Is 4923969679 composite?
True
Is 3006748009 a prime number?
True
Is 245192954 a prime number?
False
Is 17258096974 a prime number?
False
Is 3286457821 composite?
False
Is 5823910493 a prime number?
True
Is 446242829 prime?
False
Is 118932887 a prime number?
True
Is 445431395 prime?
False
Is 3400098253 a prime number?
True
Is 172298879 a prime number?
False
Is 135390887 prime?
False
Is 5115006829 composite?
True
Is 1073461901 prime?
True
Is 782515771 a prime number?
True
Is 17429194301 composite?
False
Is 11178268333 a composite number?
False
Is 105890891 prime?
False
Is 1087750021 a composite number?
False
Is 4488376667 a prime number?
False
Is 1620952717 prime?
True
Is 3544342249 a composite number?
True
Is 38136191701 a prime numbe